 -18. Let v be p - 28 - (7 - 4). What is the tens digit of -2*(v/(-2))/(-1)?
3
Suppose -6*r - 795 + 13467 = 0. What is the units digit of r?
2
Let b(w) = -4*w + 23. Let u be b(-14). Let i = u - -34. What is the hundreds digit of i?
1
Suppose 5*n - 1 = 4. Let x be -4 - -4 - (9 - n). Let m = -6 - x. What is the units digit of m?
2
Let j(o) = 5*o**2 - 2*o + 19. Let x be j(-7). Suppose 4*i + 6*g = 3*g + x, 0 = i - 5*g - 58. What is the tens digit of i?
6
Let g(n) = 74*n**3 - 3*n**2 + n. Let z be g(2). Suppose 430 = -5*d + 3*v + 1400, -3*d + z = 5*v. What is the hundreds digit of d?
1
Let s = 90 - 115. Suppose -2*m - 24 = 24. Let k = m - s. What is the units digit of k?
1
Suppose -9464 = -16*r - 12*r. What is the tens digit of r?
3
Suppose -5*x - 2*c - 85 = 0, 2*x = 3*x + c + 17. Let p(n) = n**3 + 17*n**2 + n + 23. What is the units digit of p(x)?
6
Suppose 0 = 11*m - 5*m - 42. Suppose -x = m*x - 1224. What is the hundreds digit of x?
1
Suppose 3*d - 7 = 5*y + d, -2*y = -d + 3. What is the units digit of ((-7)/(-2) + y)*14?
5
Let r(n) = -n**2 - 10*n - 9. Let c be (-2)/((3 + -2)/((-5)/(-2))). What is the units digit of r(c)?
6
Let q be 1 - (0 + (0 - 217)). What is the units digit of q/4 - 5/(-10)?
5
Let z = -90 + 94. What is the tens digit of 135 + z/((-4)/5)?
3
Let k(b) = -9 + 42 + 4*b - 14 - 13. What is the tens digit of k(6)?
3
Let k(t) = 1 - 10*t + 10*t - 36*t. What is the units digit of k(-1)?
7
Let z = -94 + 135. Suppose 7 = 3*k + 52. Let p = k + z. What is the units digit of p?
6
Suppose 0 = -x + 368 - 74. Suppose -3*u + 9*u = x. What is the units digit of u?
9
Let l(a) = 1211*a**2 - 22*a - 37. What is the thousands digit of l(-2)?
4
Let z = 41 + -36. Suppose z*d = 832 + 598. What is the units digit of d?
6
Let o be (-18)/(-12)*20/6. Suppose 3*j + o*h = -0*j + 252, -3*h = 2*j - 167. What is the tens digit of j?
7
Let l = 332 + -282. What is the tens digit of l?
5
Suppose 161 = 4*b - 423. Let c = b + -94. What is the units digit of c?
2
Suppose w - 4*z = 1132, -5*w = -7*w + z + 2271. What is the thousands digit of w?
1
Suppose -28*h + 13408 - 4812 = 0. What is the units digit of h?
7
Suppose -4*o + 4*q = -3*o + 14, 0 = q - 5. Let v = o + 5. Suppose -75 = v*r - 14*r. What is the tens digit of r?
2
Suppose -10*h = -7*h. Suppose p = -0*p + 5*z + 68, h = 3*p + 3*z - 276. What is the units digit of p?
8
What is the tens digit of (-211091)/(-116) + (-14)/8?
1
What is the thousands digit of (10/15)/(8/16572)?
1
Suppose -88*j = -89*j + 144. What is the hundreds digit of j?
1
Let n = 122 - -40. What is the hundreds digit of n?
1
Let q = -2075 - -3151. What is the hundreds digit of q?
0
Let m(s) be the second derivative of s**5/20 + s**4 - 7*s**3/6 + 6*s**2 + 9*s. What is the tens digit of m(-12)?
9
Let b(u) = u**3 + 10*u**2 + 6*u - 13. Let w(v) = -v + 4. Let t be w(-7). Let d be 1*(1 - -1 - t). What is the units digit of b(d)?
4
Suppose p = -4*g + 126, g = 3*p + 19 + 6. Suppose -119 - g = -w. What is the hundreds digit of w?
1
Let f(q) = 3 + 3*q + 5 + 3. What is the units digit of f(8)?
5
Let v(d) be the first derivative of -4*d**2 + 18*d + 2. Let h be v(8). Let s = -16 - h. What is the units digit of s?
0
Suppose 13 = 4*a - 335. Let u be -4 + 7 - (1 + a). Let m = u - -126. What is the units digit of m?
1
Let v(s) = 8 - 4*s**2 - 8*s - s**3 - 2*s**2 - 15. Suppose 5*w - 5*y = -25, -2*w + 5*y - 15 = -5. What is the units digit of v(w)?
8
Let j(l) = 19*l + 5. Let n be j(5). Suppose -2*i = -2*z + n, 2*z = -z + 4*i + 150. Let s = -23 + z. What is the units digit of s?
7
Let d(w) = 181*w**3 - w. Let s be d(-1). Let v be ((-3)/(-4))/((-27)/s). Suppose -3*f = 2*f + v*a - 125, 3*f + 2*a = 77. What is the units digit of f?
7
Let h be ((-54)/(-4))/((-51)/(-544)). Suppose 132 + h = 3*z. What is the tens digit of z?
9
Suppose 4*o = 2*o + 180. Let p = 188 - o. What is the units digit of p?
8
Suppose -322 = -2*y + 808. What is the hundreds digit of y?
5
Suppose -26 + 10 = -4*i. Let d be 0*(i - 35/10). Suppose 3*x - 12 = -d*x, 0 = -2*j - 4*x + 134. What is the units digit of j?
9
Let b = -2 + 12. Let j = 32 - b. What is the tens digit of j?
2
Let j = 6 - -900. What is the tens digit of j?
0
Let x(p) = p**3 + 13*p**2 + 10*p + 9. Let l be (-158)/13 + 40/260. What is the units digit of x(l)?
3
Let x(m) = m**2 - 7*m - 12. Let s be x(-9). Suppose -4*v - 2*h + s = -5*h, -165 = -5*v + 5*h. What is the units digit of v?
3
Let c(k) be the second derivative of k**3/3 + k**2 - 12*k. Let v be (4/(-1))/(0 - 1). What is the tens digit of c(v)?
1
Suppose 1058 + 422 = 5*m. What is the tens digit of m?
9
Let a be 2 + -1 - (-1 - -5). What is the units digit of a + 55 - (0 - -2)?
0
Suppose 12173 = 65*w - 58*w. What is the hundreds digit of w?
7
Let r be (-3 - -18)/(6/4). Suppose 8*h + 14 = r*h. What is the units digit of h?
7
Let a(b) be the third derivative of 13*b**4/24 - 7*b**3/3 + 11*b**2. What is the units digit of a(6)?
4
Let b be ((-60)/36)/(2/(-474)). Let k = b - 172. What is the hundreds digit of k?
2
What is the hundreds digit of (726 - 9) + (-2 + 0)*-1?
7
Suppose 10171 = 6*u - 4973. What is the hundreds digit of u?
5
Suppose 0 = -3*a - h - 14 + 77, -4*h = 0. Let i = 24 - a. Suppose 0 = i*g - g - 86. What is the units digit of g?
3
Suppose -q = 39*g - 44*g + 468, -3*q = -5*g + 464. What is the units digit of g?
4
Let m(u) = u**2 + 15*u + 14. Let h be m(-14). Suppose -d = -l + 104, 4*l - 4*d + 5*d - 431 = h. What is the hundreds digit of l?
1
Suppose 4*x = -3*u + 119, 120 - 2 = 4*x + 2*u. Suppose -x*h + 272 = -28*h. What is the units digit of h?
2
Let i = 17 + -19. Let v be 1*71/(i/(-2)). Let k = v + -42. What is the tens digit of k?
2
Suppose -10*j + 32 = -6*j. Let g(v) = v + 14. Let o be g(-10). Suppose -2*x + o*r + 31 = -x, -3*x - 5*r = -j. What is the tens digit of x?
1
Let s = 6 + -1. Let r(v) = v**2 - 10*v + 1. Let d be r(s). Let q = d - -51. What is the units digit of q?
7
What is the units digit of -4*4/16 - -465?
4
What is the units digit of 4/((-19143)/(-2733) + -7)?
1
Suppose 0 = 2*d + 3*i - 660, 3*d + 9*i - 6*i = 993. What is the tens digit of d?
3
Let f(g) = g**2 - g + 10. Let t be f(-12). Suppose 0 = -j + 3 - 1, -4*j = -2*p + t. What is the tens digit of p?
8
Let b = -531 - -1928. What is the hundreds digit of b?
3
Suppose 2*c = -100 + 5006. What is the hundreds digit of c?
4
Let a(c) = 38*c + 98. What is the tens digit of a(10)?
7
Let m = 3 + -7. What is the tens digit of (-246)/m + (-4)/8?
6
Suppose -2*y = -2*p - 3384, 5*y - 9*p + 5*p = 8459. What is the units digit of y?
1
Let s = -26 - -44. Suppose -3*y + s = -0*y. Suppose u = 4*a - 56, -y*a + 4*u = -3*a - 29. What is the units digit of a?
5
Let g be (-36)/54 - (-17)/3. Suppose 4*k = x - 38, -g + 29 = x + 3*k. What is the units digit of x?
0
Let u = 85 - 58. Suppose -3*f = -8*f + 3*o - 5, -u = -f - 5*o. Suppose -2*c + 5*b + 11 = 0, -4 = f*b - 6*b. What is the units digit of c?
8
Suppose z - 5 - 9 = 0. Suppose -17 = -3*m + 13. Let o = z - m. What is the units digit of o?
4
Suppose 565 = -2*z - 563. Let r = -386 - z. What is the units digit of r?
8
Suppose 6835 = 12*b - 2093. What is the tens digit of b?
4
What is the units digit of (-3)/(-18) + ((-11013475)/(-66))/25?
5
Suppose 0 = -o - o - 4*x + 30, -4*x + 15 = -o. Suppose 3*j + g = 284, 6*j - o*g = j + 480. What is the units digit of j?
5
Let n be (1 - (0 - 0))*20. Suppose 3*g - 7*g + 18 = -2*s, -n = 4*s. What is the tens digit of (1 - g)/((-1)/39)?
3
Suppose 5*l + 4*f - 46 = 0, -3 = 2*f - 11. Suppose o = -5*q + 1034, -l*q + 826 = -2*q + 2*o. What is the units digit of q?
7
Let i = -67 - -111. Let c = 56 - i. What is the units digit of c?
2
Suppose -v + 2*v - 127 = -b, 4*b - 481 = 5*v. Let g = b + -70. What is the units digit of g?
4
Suppose -22*u = -18*u - 56. Let z = -10 + u. Suppose -f + z*f = 177. What is the units digit of f?
9
Let x = 8 - -7. Suppose 7*r = 8*r - x. What is the units digit of -22*(r/(-6) - -2)?
1
Let d(w) = -w**3 + 20*w**2 + 37*w - 104. What is the hundreds digit of d(20)?
6
Let p(t) = 44*t**3 + 3*t**2 - 4*t + 4. What is the units digit of p(2)?
0
Suppose 0 = 56*f - 60*f - 44. What is the units digit of f/((-154)/525)*8/3?
0
Suppose 3*v = q + 10, 3*q = 2*v - 1 - 1. Suppose o + 28 = 2*o - t, -5*o + v*t = -145. What is the units digit 